{"version":"1.0","provider_name":"","provider_url":"https:\/\/mammba.cafeblog.hu","author_name":"Szilv\u00e1si Kata","author_url":"https:\/\/mammba.cafeblog.hu\/author\/szilvasi_kata\/","title":"Kipr\u00f3b\u00e1ltuk!: Cseppke babas\u00e1l","html":"<h2>Probl\u00e9ma: a fogz\u00f3 baba ny\u00e1la, a sz\u00e1ja sz\u00e9l\u00e9n kicsorg\u00f3 tej, a buk\u00e1s mindig a nyak\u00e1ba, a ruh\u00e1j\u00e1ra folyik<\/h2>\r\n<p style=\"text-align: justify\"><img class=\" wp-image-2973 alignleft\" style=\"font-size: 13px;line-height: 19px\" title=\"Cseppke babas\u00e1l\" alt=\"Cseppke babas\u00e1l, ny\u00e1lfog\u00f3 kend\u0151\" src=\"https:\/\/mammba.cafeblog.hu\/files\/2013\/08\/Cseppke-babas\u00e1l-6-224x300.jpg\" width=\"224\" height=\"300\" \/><span style=\"line-height: 18px;font-size: 13px\">Az els\u0151 gyerekemn\u00e9l \u00e9n is \u00f6tleteltem, hogyan lehetne megakad\u00e1lyozni azt, hogy \u00e1lland\u00f3an a nyak\u00e1ba folyjon a sz\u00e1ja sark\u00e1b\u00f3l kicsurg\u00f3 tej, vagy \u00a0hogy fogz\u00e1skor ne legyen csupa ny\u00e1l mindig a ruh\u00e1ja. Mivel nem akartam, hogy \u00e1lland\u00f3an el\u0151ke legyen rajta, belenyugodtam, hogy marad a textilpelenka \u00e9s a ruhacsere. A most 5 h\u00f3napos kisfiamn\u00e1l viszont m\u00e1r k\u00e9t h\u00f3napja tart a fogz\u00e1s, ez\u00e9rt most nem el\u00e9gedtem meg a textilpelenk\u00e1val, elkezdtem keresg\u00e9lni \u00e9s \u00edgy tal\u00e1ltam r\u00e1 a Cseppke babas\u00e1lra.<\/span><\/p>\r\n<p style=\"text-align: justify\"><!--more--><\/p>\r\n\r\n<h2 style=\"text-align: justify\">Megold\u00e1si lehet\u0151s\u00e9g: Cseppke babas\u00e1l<\/h2>\r\n<p style=\"text-align: justify\">A babas\u00e1l tulajdonk\u00e9ppen az el\u0151ke \u00e9s a s\u00e1l kombin\u00e1ci\u00f3ja \u00e9s a f\u0151 funkci\u00f3ja, hogy megv\u00e9dje a baba nyak\u00e1t \u00e9s ruh\u00e1j\u00e1t a kifoly\u00f3 ny\u00e1lt\u00f3l, a buk\u00e1sokt\u00f3l. Mivel s\u00e1l, ez\u00e9rt h\u0171v\u00f6s, szeles id\u0151ben t\u00f6k\u00e9letesen lehet haszn\u00e1lni a pici nyakak v\u00e9delm\u00e9re is.<\/p>\r\n<p style=\"text-align: justify\"><a href=\"http:\/\/www.mammba.hu\/wp-content\/uploads\/2013\/08\/Cseppke-babas\u00e1l-1.jpg\"><img class=\"alignnone size-medium wp-image-2968\" alt=\"Cseppke babas\u00e1l, ny\u00e1lfog\u00f3 kend\u0151\" src=\"https:\/\/mammba.cafeblog.hu\/files\/2013\/08\/Cseppke-babas\u00e1l-1-300x224.jpg\" width=\"300\" height=\"224\" \/><\/a><\/p>\r\n<p style=\"text-align: justify\">Egy gyakorl\u00f3 Anyuka, Giret Fruzsina fej\u00e9ben sz\u00fcletett meg a Cseppke babas\u00e1l \u00f6tlete, amikor \u0151 is megold\u00e1st keresett kisfia fogz\u00e1si probl\u00e9m\u00e1inak k\u00f6vetkezt\u00e9ben jelentkez\u0151 ny\u00e1lmennyis\u00e9g felitat\u00e1s\u00e1ra.<\/p>\r\n\r\n<h3 style=\"text-align: justify\">Anyaga<\/h3>\r\n<p style=\"text-align: justify\">A Cseppke babas\u00e1l fels\u0151 r\u00e9sze 100% pamut anyagb\u00f3l k\u00e9sz\u00fcl, a baba fel\u00e9 es\u0151 r\u00e9sze pedig termo anyag. A pamut r\u00e9sze t\u00f6k\u00e9letesen alkalmas arra, hogy megt\u00f6r\u00f6lj\u00fck a baba sz\u00e1j\u00e1t, az alja pedig arra, hogy v\u00e9dje a nedvess\u00e9gt\u0151l a pici nyakat \u00e9s tok\u00e1t :)! Mivel az als\u00f3 r\u00e9sze termo anyag, ez\u00e9rt alkalmas arra, hogy h\u0171v\u00f6s, szeles id\u0151ben is haszn\u00e1lhat\u00f3 sima s\u00e1lk\u00e9nt.<\/p>\r\n\r\n<h3 style=\"text-align: justify\">Form\u00e1ja<\/h3>\r\n<p style=\"text-align: justify\">A babas\u00e1l h\u00e1romsz\u00f6g form\u00e1j\u00fa \u00e9s azt nagyon j\u00f3 \u00f6tletnek tartom, hogy van egy csak pamut anyagb\u00f3l \u00e1ll\u00f3 szeg\u00e9lye, ami \u00e1ltal k\u00f6nnyebben illeszkedik a baba nyak\u00e1hoz.<\/p>\r\n<p style=\"text-align: justify\"><a href=\"http:\/\/www.mammba.hu\/wp-content\/uploads\/2013\/08\/Cseppke-babas\u00e1l-2.jpg\"><img class=\"alignnone size-medium wp-image-2969\" alt=\"Cseppke babas\u00e1l, ny\u00e1lfog\u00f3 kend\u0151\" src=\"https:\/\/mammba.cafeblog.hu\/files\/2013\/08\/Cseppke-babas\u00e1l-2-300x224.jpg\" width=\"300\" height=\"224\" \/><\/a>\u00a0<a href=\"http:\/\/www.mammba.hu\/wp-content\/uploads\/2013\/08\/Cseppke-babas\u00e1l-3.jpg\"><img class=\"alignnone size-medium wp-image-2970\" alt=\"Cseppke babas\u00e1l, ny\u00e1lfog\u00f3 kend\u0151\" src=\"https:\/\/mammba.cafeblog.hu\/files\/2013\/08\/Cseppke-babas\u00e1l-3-300x224.jpg\" width=\"300\" height=\"224\" \/><\/a><\/p>\r\n<p style=\"text-align: justify\">M\u00e9g egy plusz pont, hogy patenttal z\u00e1r\u00f3dik, nem pedig megk\u00f6t\u0151s (aminek a csom\u00f3ja nyomja a fekv\u0151 baba nyak\u00e1t), vagy t\u00e9p\u0151z\u00e1ras (ami k\u00f6nnyen sz\u00e9tny\u00edlik, ha nem el\u00e9g er\u0151s a t\u00e9p\u0151z\u00e1r). K\u00e9t patent van a v\u00e9g\u00e9n, \u00edgy a kis \u201ebikanyakakat\u201d is biztosan k\u00f6rbe\u00e9ri.<\/p>\r\n<p style=\"text-align: justify\"><span style=\"color: #555555;font-size: 16px;font-weight: bold;line-height: 24px\">Mint\u00e1ja<\/span><\/p>\r\n<p style=\"text-align: justify\"><a href=\"http:\/\/www.mammba.hu\/wp-content\/uploads\/2013\/08\/Cseppke-babas\u00e1l-4.jpg\"><img class=\"alignnone size-medium wp-image-2971\" alt=\"Cseppke babas\u00e1l, ny\u00e1lfog\u00f3 kend\u0151\" src=\"https:\/\/mammba.cafeblog.hu\/files\/2013\/08\/Cseppke-babas\u00e1l-4-300x224.jpg\" width=\"300\" height=\"224\" \/><\/a><\/p>\r\n<p style=\"text-align: justify\">La\u00e1r Gy\u00f6rgyi jelmeztervez\u0151 \u00e9s illusztr\u00e1tor kedves grafik\u00e1i d\u00edsz\u00edtik a Cseppke babas\u00e1lakat, amelyek k\u00e9sz\u00fclnek kifejezetten kisfi\u00fas, kisl\u00e1nyos sz\u00ednekkel (t\u00f6rt feh\u00e9r, fekete, r\u00f3zsasz\u00edn, vil\u00e1gosk\u00e9k), nyomott mint\u00e1kkal \u00e9s van unisex kollekci\u00f3 is.<\/p>\r\n\r\n<h3 style=\"text-align: justify\">M\u00e9retei<\/h3>\r\n<p style=\"text-align: justify\">K\u00e9tf\u00e9le m\u00e9retben k\u00e9sz\u00fcl: 0-24 h\u00f3napos korig \u201eMini\u201d m\u00e9retben \u00e9s k\u00e9t \u00e9ves kor felett \u201eMaxi\u201d m\u00e9retben.<\/p>\r\n\r\n<h3 style=\"text-align: justify\">Haszn\u00e1lata<\/h3>\r\n<p style=\"text-align: justify\">Alapfunkci\u00f3ja teh\u00e1t a fogz\u00e1skor kifoly\u00f3 ny\u00e1lmennyis\u00e9g \u00e9s a kicsorg\u00f3 tej felitat\u00e1sa,<\/p>\r\n<p style=\"text-align: justify\">tov\u00e1bbi haszn\u00e1lati lehet\u0151s\u00e9gek:<\/p>\r\n<p style=\"text-align: justify\">- s\u00e9t\u00e1n\u00e1l h\u0171v\u00f6sebb id\u0151ben nagyon j\u00f3 s\u00e1lk\u00e9nt<\/p>\r\n<p style=\"text-align: justify\">- fejkend\u0151 helyett (ezt ki is pr\u00f3b\u00e1ltam \u00e9s az\u00e9rt praktikus, mert a hanyatt fekv\u0151 bab\u00e1t meleg\u00edti, ha a feje h\u00e1ts\u00f3 r\u00e9sz\u00e9n is van valami plusz anyag, a Cseppke babas\u00e1l viszont pont csak a feje tetej\u00e9t v\u00e9di \u00e9s nem cs\u00faszk\u00e1l, mint \u00e1ltal\u00e1ban a sapk\u00e1k!)<\/p>\r\n<p style=\"text-align: justify\"><a href=\"http:\/\/www.mammba.hu\/wp-content\/uploads\/2013\/08\/Cseppke-babas\u00e1l-7.jpg\"><img class=\"alignnone size-medium wp-image-2974\" alt=\"Cseppke babas\u00e1l, ny\u00e1lfog\u00f3 kend\u0151\" src=\"https:\/\/mammba.cafeblog.hu\/files\/2013\/08\/Cseppke-babas\u00e1l-7-244x300.jpg\" width=\"244\" height=\"300\" \/><\/a><\/p>\r\n<p style=\"text-align: justify\">- el\u0151ke helyett<\/p>\r\n<p style=\"text-align: justify\">- r\u00e1gcs\u00e1lnival\u00f3 kend\u0151k\u00e9nt :)<\/p>\r\n<p style=\"text-align: justify\">Meleg ny\u00e1ri id\u0151ben viszont kicsit meleg a baba nyak\u00e1ra a termo r\u00e9teg miatt, \u00edgy ilyenkor egyszer\u0171bb csak sz\u00e1jt\u00f6rl\u00e9sre vagy el\u0151kek\u00e9nt haszn\u00e1lni vagy Cseppk\u00e9\u00e9k k\u00e9sz\u00edthetn\u00e9nek \u201eny\u00e1ri kiad\u00e1st\u201d is!<\/p>\r\n<p style=\"text-align: justify\">Maximum 30 fokon moshat\u00f3.<\/p>\r\n<p style=\"text-align: justify\"><a href=\"http:\/\/www.mammba.hu\/wp-content\/uploads\/2013\/08\/Cseppke-babas\u00e1l-5.jpg\"><img class=\"alignnone size-medium wp-image-2972\" alt=\"Cseppke babas\u00e1l, ny\u00e1lfog\u00f3 kend\u0151\" src=\"https:\/\/mammba.cafeblog.hu\/files\/2013\/08\/Cseppke-babas\u00e1l-5-300x224.jpg\" width=\"300\" height=\"224\" \/><\/a><\/p>\r\n<p style=\"text-align: justify\">\u00c1ra: 1390 Ft\/darab<\/p>\r\n<p style=\"text-align: justify\">\u00c9rt\u00e9kel\u00e9s:\u00a0Praktikuss\u00e1g: 5\/5 \u00a0 \u00a0\u00a0Kivitelez\u00e9s: 5\/5 \u00a0 \u00a0 \u00a0\u00c1r-\u00e9rt\u00e9k ar\u00e1ny: 5\/5<\/p>\r\n<p style=\"text-align: justify\">Probl\u00e9ma megoldva? igen<\/p>\r\n<p style=\"text-align: justify\">Tov\u00e1bbi inform\u00e1ci\u00f3kat \u00e9s a Cseppke babas\u00e1lak v\u00e1laszt\u00e9k\u00e1t a <a href=\"http:\/\/www.cseppke.hu\/\" target=\"_blank\">www.cseppke.hu<\/a> oldalon tal\u00e1lj\u00e1tok.<\/p>","type":"rich"}

Szilvási Kata

Kipróbáltuk!: Cseppke babasál

<h2>Probléma: a fogzó baba nyála, a szája szélén kicsorgó tej, a bukás mindig a nyakába, a ruhájára folyik</h2>
<p style="text-align: justify"><img class=" wp-image-2973 alignleft" style="font-size: 13px;line-height: 19px" title="Cseppke babasál" alt="Cseppke babasál, nyálfogó kendő" src="https://mammba.cafeblog.hu/files/2013/08/Cseppke-babasál-6-224x300.jpg" width="224" height="300" /><span style="line-height: 18px;font-size: 13px">Az első gyerekemnél én is ötleteltem, hogyan lehetne megakadályozni azt, hogy állandóan a nyakába folyjon a szája sarkából kicsurgó tej, vagy  hogy fogzáskor ne legyen csupa nyál mindig a ruhája. Mivel nem akartam, hogy állandóan előke legyen rajta, belenyugodtam, hogy marad a textilpelenka és a ruhacsere. A most 5 hónapos kisfiamnál viszont már két hónapja tart a fogzás, ezért most nem elégedtem meg a textilpelenkával, elkezdtem keresgélni és így találtam rá a Cseppke babasálra.</span></p>
<p style="text-align: justify"><!--more--></p>

<h2 style="text-align: justify">Megoldási lehetőség: Cseppke babasál</h2>
<p style="text-align: justify">A babasál tulajdonképpen az előke és a sál kombinációja és a fő funkciója, hogy megvédje a baba nyakát és ruháját a kifolyó nyáltól, a bukásoktól. Mivel sál, ezért hűvös, szeles időben tökéletesen lehet használni a pici nyakak védelmére is.</p>
<p style="text-align: justify"><a href="http://www.mammba.hu/wp-content/uploads/2013/08/Cseppke-babasál-1.jpg"><img class="alignnone size-medium wp-image-2968" alt="Cseppke babasál, nyálfogó kendő" src="https://mammba.cafeblog.hu/files/2013/08/Cseppke-babasál-1-300x224.jpg" width="300" height="224" /></a></p>
<p style="text-align: justify">Egy gyakorló Anyuka, Giret Fruzsina fejében született meg a Cseppke babasál ötlete, amikor ő is megoldást keresett kisfia fogzási problémáinak következtében jelentkező nyálmennyiség felitatására.</p>

<h3 style="text-align: justify">Anyaga</h3>
<p style="text-align: justify">A Cseppke babasál felső része 100% pamut anyagból készül, a baba felé eső része pedig termo anyag. A pamut része tökéletesen alkalmas arra, hogy megtöröljük a baba száját, az alja pedig arra, hogy védje a nedvességtől a pici nyakat és tokát :)! Mivel az alsó része termo anyag, ezért alkalmas arra, hogy hűvös, szeles időben is használható sima sálként.</p>

<h3 style="text-align: justify">Formája</h3>
<p style="text-align: justify">A babasál háromszög formájú és azt nagyon jó ötletnek tartom, hogy van egy csak pamut anyagból álló szegélye, ami által könnyebben illeszkedik a baba nyakához.</p>
<p style="text-align: justify"><a href="http://www.mammba.hu/wp-content/uploads/2013/08/Cseppke-babasál-2.jpg"><img class="alignnone size-medium wp-image-2969" alt="Cseppke babasál, nyálfogó kendő" src="https://mammba.cafeblog.hu/files/2013/08/Cseppke-babasál-2-300x224.jpg" width="300" height="224" /></a> <a href="http://www.mammba.hu/wp-content/uploads/2013/08/Cseppke-babasál-3.jpg"><img class="alignnone size-medium wp-image-2970" alt="Cseppke babasál, nyálfogó kendő" src="https://mammba.cafeblog.hu/files/2013/08/Cseppke-babasál-3-300x224.jpg" width="300" height="224" /></a></p>
<p style="text-align: justify">Még egy plusz pont, hogy patenttal záródik, nem pedig megkötős (aminek a csomója nyomja a fekvő baba nyakát), vagy tépőzáras (ami könnyen szétnyílik, ha nem elég erős a tépőzár). Két patent van a végén, így a kis „bikanyakakat” is biztosan körbeéri.</p>
<p style="text-align: justify"><span style="color: #555555;font-size: 16px;font-weight: bold;line-height: 24px">Mintája</span></p>
<p style="text-align: justify"><a href="http://www.mammba.hu/wp-content/uploads/2013/08/Cseppke-babasál-4.jpg"><img class="alignnone size-medium wp-image-2971" alt="Cseppke babasál, nyálfogó kendő" src="https://mammba.cafeblog.hu/files/2013/08/Cseppke-babasál-4-300x224.jpg" width="300" height="224" /></a></p>
<p style="text-align: justify">Laár Györgyi jelmeztervező és illusztrátor kedves grafikái díszítik a Cseppke babasálakat, amelyek készülnek kifejezetten kisfiús, kislányos színekkel (tört fehér, fekete, rózsaszín, világoskék), nyomott mintákkal és van unisex kollekció is.</p>

<h3 style="text-align: justify">Méretei</h3>
<p style="text-align: justify">Kétféle méretben készül: 0-24 hónapos korig „Mini” méretben és két éves kor felett „Maxi” méretben.</p>

<h3 style="text-align: justify">Használata</h3>
<p style="text-align: justify">Alapfunkciója tehát a fogzáskor kifolyó nyálmennyiség és a kicsorgó tej felitatása,</p>
<p style="text-align: justify">további használati lehetőségek:</p>
<p style="text-align: justify">- sétánál hűvösebb időben nagyon jó sálként</p>
<p style="text-align: justify">- fejkendő helyett (ezt ki is próbáltam és azért praktikus, mert a hanyatt fekvő babát melegíti, ha a feje hátsó részén is van valami plusz anyag, a Cseppke babasál viszont pont csak a feje tetejét védi és nem csúszkál, mint általában a sapkák!)</p>
<p style="text-align: justify"><a href="http://www.mammba.hu/wp-content/uploads/2013/08/Cseppke-babasál-7.jpg"><img class="alignnone size-medium wp-image-2974" alt="Cseppke babasál, nyálfogó kendő" src="https://mammba.cafeblog.hu/files/2013/08/Cseppke-babasál-7-244x300.jpg" width="244" height="300" /></a></p>
<p style="text-align: justify">- előke helyett</p>
<p style="text-align: justify">- rágcsálnivaló kendőként :)</p>
<p style="text-align: justify">Meleg nyári időben viszont kicsit meleg a baba nyakára a termo réteg miatt, így ilyenkor egyszerűbb csak szájtörlésre vagy előkeként használni vagy Cseppkéék készíthetnének „nyári kiadást” is!</p>
<p style="text-align: justify">Maximum 30 fokon mosható.</p>
<p style="text-align: justify"><a href="http://www.mammba.hu/wp-content/uploads/2013/08/Cseppke-babasál-5.jpg"><img class="alignnone size-medium wp-image-2972" alt="Cseppke babasál, nyálfogó kendő" src="https://mammba.cafeblog.hu/files/2013/08/Cseppke-babasál-5-300x224.jpg" width="300" height="224" /></a></p>
<p style="text-align: justify">Ára: 1390 Ft/darab</p>
<p style="text-align: justify">Értékelés: Praktikusság: 5/5     Kivitelezés: 5/5      Ár-érték arány: 5/5</p>
<p style="text-align: justify">Probléma megoldva? igen</p>
<p style="text-align: justify">További információkat és a Cseppke babasálak választékát a <a href="http://www.cseppke.hu/" target="_blank">www.cseppke.hu</a> oldalon találjátok.</p>
